{"id":41,"date":"2024-12-28T13:28:25","date_gmt":"2024-12-28T12:28:25","guid":{"rendered":"https:\/\/kfz-pruefstelle-taunusstein.de\/pruefstelle\/?page_id=41"},"modified":"2025-01-06T12:05:04","modified_gmt":"2025-01-06T11:05:04","slug":"unsere-leistungen","status":"publish","type":"page","link":"https:\/\/kfz-pruefstelle-taunusstein.de\/pruefstelle\/?page_id=41","title":{"rendered":"Unsere Leistungen"},"content":{"rendered":"\n<figure class=\"wp-block-image size-large\"><img loading=\"lazy\" decoding=\"async\" width=\"1024\" height=\"276\" src=\"https:\/\/kfz-pruefstelle-taunusstein.de\/pruefstelle\/wp-content\/uploads\/2024\/12\/HalleInnenSchmal-1024x276.jpg\" alt=\"\" class=\"wp-image-68\" srcset=\"https:\/\/kfz-pruefstelle-taunusstein.de\/pruefstelle\/wp-content\/uploads\/2024\/12\/HalleInnenSchmal-1024x276.jpg 1024w, https:\/\/kfz-pruefstelle-taunusstein.de\/pruefstelle\/wp-content\/uploads\/2024\/12\/HalleInnenSchmal-300x81.jpg 300w, https:\/\/kfz-pruefstelle-taunusstein.de\/pruefstelle\/wp-content\/uploads\/2024\/12\/HalleInnenSchmal-768x207.jpg 768w, https:\/\/kfz-pruefstelle-taunusstein.de\/pruefstelle\/wp-content\/uploads\/2024\/12\/HalleInnenSchmal-1536x413.jpg 1536w, https:\/\/kfz-pruefstelle-taunusstein.de\/pruefstelle\/wp-content\/uploads\/2024\/12\/HalleInnenSchmal.jpg 1795w\" sizes=\"auto, (max-width: 1024px) 100vw, 1024px\" \/><\/figure>\n\n\n\n<p><\/p>\n\n\n\n<h2 class=\"wp-block-heading\">Wir bieten:<\/h2>\n\n\n\n<p><strong>amtlicher Bereich:<\/strong><\/p>\n\n\n\n<p><strong>Hauptuntersuchung<\/strong><br>Wir f\u00fchren die Hauptuntersuchung an Ihrem Fahrzeug durch und erteilen bei positiver Untersuchung die amtliche Plakette. Wir pr\u00fcfen PKW, LKW (Sprinterklasse), Motorrad, Wohnmobile (je nach Gr\u00f6\u00dfe), Traktoren, Quads, Anh\u00e4nger,&#8230;.<br><br><strong>dazugeh\u00f6rige Abgasuntersuchung<\/strong><br>In Verbindung mit der Hauptuntersuchung wird die Untersuchung der Abgase und des Motormanagements an Ihrem Fahrzeug durchgef\u00fchrt.<\/p>\n\n\n\n<p><strong>\u00c4nderungsabnahmen<\/strong><br>Falls Sie Um- oder Anbauten an Ihrem Fahrzeug vornehmen, k\u00f6nnen wir f\u00fcr Sie die Anbauabnahme nach \u00a719.3 durchf\u00fchren. Dies ist m\u00f6glich, wenn f\u00fcr die Umbauten eine ABE oder ein EG-Gutachten vorliegt.<br><br><strong>Oldtimerkennzeichen<\/strong><br>Wenn Ihr Fahrzeug \u00e4lter als 30 Jahre alt ist, k\u00f6nnen wir die Untersuchung nach \u00a7 23 StVZO durchf\u00fchren. Ihr Fahrzeug kann dann bei der Zulassungsstelle mit einem sog. H-Kennzeichen versehen werden.<\/p>\n\n\n\n<p><strong>GWP<\/strong><br>Gaspr\u00fcfung an Fahrzeugen mit Gasantrieb<\/p>\n\n\n\n<p><strong>nicht amtlicher Bereich:<\/strong><\/p>\n\n\n\n<p><strong>Campinggaspr\u00fcfung<\/strong><br>an Wohnmobilen und Wohnwagen<br>Wir f\u00fchren die sog. Campinggaspr\u00fcfung nach G607 durch.<\/p>\n\n\n\n<p><strong>UVV<\/strong><br>an Fahrzeugen und Ger\u00e4ten<br><\/p>\n","protected":false},"excerpt":{"rendered":"<p>Wir bieten: amtlicher Bereich: HauptuntersuchungWir f\u00fchren die Hauptuntersuchung an Ihrem Fahrzeug durch und erteilen bei positiver Untersuchung die amtliche Plakette. [&hellip;]<\/p>\n","protected":false},"author":1,"featured_media":0,"parent":0,"menu_order":0,"comment_status":"closed","ping_status":"closed","template":"","meta":{"site-sidebar-layout":"default","site-content-layout":"","ast-site-content-layout":"","site-content-style":"default","site-sidebar-style":"default","ast-global-header-display":"","ast-banner-title-visibility":"","ast-main-header-display":"","ast-hfb-above-header-display":"","ast-hfb-below-header-display":"","ast-hfb-mobile-header-display":"","site-post-title":"","ast-breadcrumbs-content":"","ast-featured-img":"","footer-sml-layout":"","theme-transparent-header-meta":"","adv-header-id-meta":"","stick-header-meta":"","header-above-stick-meta":"","header-main-stick-meta":"","header-below-stick-meta":"","astra-migrate-meta-layouts":"default","ast-page-background-enabled":"default","ast-page-background-meta":{"desktop":{"background-color":"var(--ast-global-color-4)","background-image":"","background-repeat":"repeat","background-position":"center center","background-size":"auto","background-attachment":"scroll","background-type":"","background-media":"","overlay-type":"","overlay-color":"","overlay-opacity":"","overlay-gradient":""},"tablet":{"background-color":"","background-image":"","background-repeat":"repeat","background-position":"center center","background-size":"auto","background-attachment":"scroll","background-type":"","background-media":"","overlay-type":"","overlay-color":"","overlay-opacity":"","overlay-gradient":""},"mobile":{"background-color":"","background-image":"","background-repeat":"repeat","background-position":"center center","background-size":"auto","background-attachment":"scroll","background-type":"","background-media":"","overlay-type":"","overlay-color":"","overlay-opacity":"","overlay-gradient":""}},"ast-content-background-meta":{"desktop":{"background-color":"var(--ast-global-color-5)","background-image":"","background-repeat":"repeat","background-position":"center center","background-size":"auto","background-attachment":"scroll","background-type":"","background-media":"","overlay-type":"","overlay-color":"","overlay-opacity":"","overlay-gradient":""},"tablet":{"background-color":"var(--ast-global-color-5)","background-image":"","background-repeat":"repeat","background-position":"center center","background-size":"auto","background-attachment":"scroll","background-type":"","background-media":"","overlay-type":"","overlay-color":"","overlay-opacity":"","overlay-gradient":""},"mobile":{"background-color":"var(--ast-global-color-5)","background-image":"","background-repeat":"repeat","background-position":"center center","background-size":"auto","background-attachment":"scroll","background-type":"","background-media":"","overlay-type":"","overlay-color":"","overlay-opacity":"","overlay-gradient":""}},"footnotes":""},"class_list":["post-41","page","type-page","status-publish","hentry"],"_links":{"self":[{"href":"https:\/\/kfz-pruefstelle-taunusstein.de\/pruefstelle\/index.php?rest_route=\/wp\/v2\/pages\/41","targetHints":{"allow":["GET"]}}],"collection":[{"href":"https:\/\/kfz-pruefstelle-taunusstein.de\/pruefstelle\/index.php?rest_route=\/wp\/v2\/pages"}],"about":[{"href":"https:\/\/kfz-pruefstelle-taunusstein.de\/pruefstelle\/index.php?rest_route=\/wp\/v2\/types\/page"}],"author":[{"embeddable":true,"href":"https:\/\/kfz-pruefstelle-taunusstein.de\/pruefstelle\/index.php?rest_route=\/wp\/v2\/users\/1"}],"replies":[{"embeddable":true,"href":"https:\/\/kfz-pruefstelle-taunusstein.de\/pruefstelle\/index.php?rest_route=%2Fwp%2Fv2%2Fcomments&post=41"}],"version-history":[{"count":8,"href":"https:\/\/kfz-pruefstelle-taunusstein.de\/pruefstelle\/index.php?rest_route=\/wp\/v2\/pages\/41\/revisions"}],"predecessor-version":[{"id":209,"href":"https:\/\/kfz-pruefstelle-taunusstein.de\/pruefstelle\/index.php?rest_route=\/wp\/v2\/pages\/41\/revisions\/209"}],"wp:attachment":[{"href":"https:\/\/kfz-pruefstelle-taunusstein.de\/pruefstelle\/index.php?rest_route=%2Fwp%2Fv2%2Fmedia&parent=41"}],"curies":[{"name":"wp","href":"https:\/\/api.w.org\/{rel}","templated":true}]}}